he prime factors of r(k)?
17
What are the prime factors of 62*-1*1*(-264)/48?
11, 31
Let l(r) = r + 11. Let m be l(-7). Suppose -m = -t - 5. Let d(h) = 4*h**2 + h + 1. What are the prime factors of d(t)?
2
Let a = -1310 - -1943. List the prime factors of a.
3, 211
Let b be (-16)/8*(-14)/(-2). Let u be (-4)/b + (-2)/7. Suppose 2*v - 6*v + 84 = u. What are the prime factors of v?
3, 7
Let p(o) = 11 - 4 - 4 - 3*o + 2*o. Let k be p(0). Suppose -30 = -h - k. What are the prime factors of h?
3
Suppose -3*z - 2804 + 3869 = 0. What are the prime factors of z?
5, 71
What are the prime factors of ((-1743)/2324)/((-3293)/3292 - -1)?
3, 823
Let a be 1 + (2 - (-3 + 4)). Let g(h) = -5*h + 3 + 3*h**2 - a*h**2 + 5. List the prime factors of g(6).
2, 7
Suppose -3*t + 4*h + 437 = -0*t, 0 = -4*t + h + 600. Suppose 0*i = 5*i + x - t, -5*i + 146 = -4*x. Suppose 3*v + i = 8*v. List the prime factors of v.
2, 3
Let q = 77 - 72. Suppose -3*n + 475 = -q. What are the prime factors of n?
2, 5
Suppose -4*k = -106 - 242. Suppose v - k = 5*h, -10 - 308 = -4*v + 5*h. List the prime factors of v.
7, 11
Suppose -2*u = -f - 2*f + 55, 127 = -5*u - 3*f. Let w be u/(29/9 - 3). List the prime factors of (16/6)/((-13)/w).
2, 3
Suppose 18*n + 476 = 11924. List the prime factors of n.
2, 3, 53
Let r = -308 + 460. Suppose -x - 4*q + 33 + r = 0, -2*x = 5*q - 370. What are the prime factors of x?
5, 37
Let w = 308 + 694. What are the prime factors of w?
2, 3, 167
What are the prime factors of (-3 + (2 - 4) + -398)/(-1)?
13, 31
Suppose -20*n - 34*n = -324. List the prime factors of n.
2, 3
Let w(i) = -i - 2. Let a be w(-4). Let q(m) = m - 7. Let f be q(7). Suppose f = y - a*l - 86 + 29, -5*y = 4*l - 271. What are the prime factors of y?
5, 11
Suppose 0 = -9*x + 12 + 6. List the prime factors of 36 - (0/x)/(-3).
2, 3
Let d(g) = -154*g - 44. What are the prime factors of d(-7)?
2, 11, 47
Suppose 4*g = 17 + 31. Suppose 0 = -3*v + 6*v - g. Suppose -3*m + v*m - 7 = 0. What are the prime factors of m?
7
Let b(c) = 5*c**2 + 2*c**2 + 6*c - 10 - 1. List the prime factors of b(3).
2, 5, 7
Let s be 10/6 + 6/(-9). Let r be 65 - -2 - s*3. What are the prime factors of r/28 - 4/14?
2
Suppose -4*t - j + 4911 = 0, -4*t + 3122 = 2*j - 1788. What are the prime factors of t?
2, 307
Let h be 267/6 - 2 - (-18)/12. Let w = h - -52. List the prime factors of w.
2, 3
Suppose 0*d = 5*v + 2*d - 93, 2*v = 2*d + 40. Suppose 0 = 4*y - 31 + v. What are the prime factors of y?
3
Suppose -w + 23 + 129 = 0. List the prime factors of w.
2, 19
List the prime factors of 802*6/(-72)*-6.
401
Let o(m) = m**3 + 7*m**2 - 6*m + 5*m + 7*m**2 - 2*m**3 + 8. Let n be o(14). What are the prime factors of 22*(3/n + 1)?
11
Suppose -4*r = -t - 3243, 6*r + 3228 = 10*r - 4*t. What are the prime factors of r?
2, 7, 29
Let u(w) = -342*w**3 - 2*w**2 + 1. List the prime factors of u(-1).
11, 31
Suppose 3*f - 3*y - 4854 = 0, -13*f - 2*y + 3240 = -11*f. What are the prime factors of f?
1619
Let d = -27 + -46. Suppose 0 = -5*a - 17 - 173. Let p = a - d. List the prime factors of p.
5, 7
Suppose 0 = g + 2 - 7. Suppose 0 = -z + 2*i + 8, -g*z + 5*i - i + 70 = 0. List the prime factors of z.
2, 3
Let a = 100 - 88. Suppose 174 = 6*y + a. What are the prime factors of y?
3
Let q = 601 + 2948. List the prime factors of q.
3, 7, 13
Suppose 0 = f - 86 - 145. Suppose u = -5*h + 242, 0 = -5*h + 3*u + f + 3. List the prime factors of h.
2, 3
Let f = 1 - 14. Let r = f + 18. Suppose -z - 88 = -r*z. List the prime factors of z.
2, 11
Suppose 0 = 3*w - 2*w - 2*z + 4, -w - 4*z + 20 = 0. Suppose 0 = -3*j + w*i + 304, -2*j - 4*i + 108 = -68. List the prime factors of j.
2, 3
Let u(f) = -f - 8. Let z be u(-5). Let i(k) = -k**3 + 2*k**2 - 3*k**2 - 1 + 2*k + 0*k**2 + 0*k**3. What are the prime factors of i(z)?
11
Let b(i) = 4*i**2 - 10*i - 68. What are the prime factors of b(14)?
2, 3
Let m(f) = 10*f**3 + f - 1. Let t(r) be the third derivative of -r**4/12 - r**3/6 - 5*r**2. Let y be t(-1). List the prime factors of m(y).
2, 5
Suppose -5837 = -2*y - 1929. List the prime factors of y.
2, 977
Let b(a) be the third derivative of 23*a**5/60 - a**3/6 - 8*a**2. What are the prime factors of b(2)?
7, 13
Suppose 83*i - 72*i - 363 = 0. List the prime factors of i.
3, 11
Suppose 4*l = 0, 0*x - 2*x + 1596 = 3*l. What are the prime factors of x?
2, 3, 7, 19
Let g(t) be the first derivative of 2*t**3/3 - 7*t**2/2 + 14*t + 1. Let k be g(8). Let h = k + -41. What are the prime factors of h?
3, 5
Let v(i) = 3884*i**2 - i - 3. What are the prime factors of v(-1)?
2, 3, 647
Let n be 6/3*(-9)/3. Let s = n - -9. Suppose -s*h + 2*h = -8. What are the prime factors of h?
2
Let j be ((-12)/8)/(9/(-24)). Suppose -h = 2*u - j*h - 143, 0 = -5*h - 5. What are the prime factors of u?
2, 5, 7
Suppose -3707 = -5*a + y, -3*a - 4*y + 3646 = 1408. What are the prime factors of a?
2, 7, 53
Suppose -5*k + 13 + 2 = 5*v, -k = -4*v - 8. What are the prime factors of -1 + 2 + v + 87?
3, 29
Let z(w) = w**3 - w + 1. Let x be z(1). Let f be (0*(-1 - -2))/x. Suppose f = -4*t + 85 - 21. List the prime factors of t.
2
Suppose -v - 142 + 473 = 0. What are the prime factors of v?
331
Let d(z) be the third derivative of 3*z**2 + 1/3*z**4 + 0*z - 2/3*z**3 + 0. What are the prime factors of d(4)?
2, 7
Let u(z) = z**2 + 9*z + 37. What are the prime factors of u(-10)?
47
Let r(x) = 70*x + 7. Let d be r(3). Let z = d + -109. List the prime factors of z.
2, 3
Let b(j) = -75*j + 2426. What are the prime factors of b(0)?
2, 1213
Let x = -863 - -1672. List the prime factors of x.
809
Let c be 2 + 5 + 9/(-3). Suppose 0 = 5*v - 4*w - 117 + 12, c*v + w - 105 = 0. List the prime factors of v.
5
Suppose -2*c + 0*a = 5*a - 20, -3*c + a + 13 = 0. Suppose j + 136 = c*j. Let p = j - 18. List the prime factors of p.
2
Let a(s) = 20*s - 1. Let q(z) = -z. Suppose -4*y - 4 + 8 = 0. Let d(p) = y*a(p) + 5*q(p). List the prime factors of d(2).
29
Suppose 0 = -3*l + 5*j - 9, 0*l - l + 11 = 3*j. Suppose 6 - 18 = -l*h. List the prime factors of h.
2, 3
Let r(v) = v**3 - 8*v**2 - 2*v - 2. Let o be r(9). Suppose -3*g - 5 = o. Let p = g - -39. List the prime factors of p.
17
What are the prime factors of (0/3)/(6/3) - -793?
13, 61
Let d(w) = 16*w**2 - 46*w + 29. List the prime factors of d(10).
7, 167
Let s(v) = 1724*v**2 + 5. List the prime factors of s(-1).
7, 13, 19
Suppose 0 = 5*r + 5*w - 14030, r + 4*w - 420 = 2395. What are the prime factors of r?
2803
Suppose 7*l - 11*l = -1528. List the prime factors of l.
2, 191
Suppose 3*m = u + 5*m - 198, 0 = -2*m - 4. Let f = u - 126. List the prime factors of f.
2, 19
Let k(a) = -5*a**2 + 8*a + 4. Let x(h) = 4*h**2 - 7*h - 5. Let f(m) = 5*k(m) + 6*x(m). Let y be f(0). Let p = y - -21. What are the prime factors of p?
11
Let b = -36 + 38. Suppose 2*h - j - 230 = 0, -b*h + 466 = 2*h - 5*j. List the prime factors of h.
2, 3, 19
Let s = 384 - 253. What are the prime factors of s?
131
Suppose 2*i - 3*b = 57, 105 = 6*i - i + 5*b. Let l = i + 183. List the prime factors of l.
3, 23
Let r(j) = -j**2 - 3*j + 6. Let t be r(-8). Let m = t + 43. What are the prime factors of m?
3
Let p(m) = -4*m - 70. Let v be p(-16). Let u(j) = -1 + 2*j**2 + 7*j - 4 + 2. What are the prime factors of u(v)?
3
What are the prime factors of 2*(-10746)/(-24)*(-8)/(-12)?
3, 199
Let r(t) = 12*t**3 - 11*t - 6. What are the prime factors of r(4)?
2, 359
Let i = -122 + 125. Suppose 3*n = -s + 293, -399 = -4*n - 0*s - i*s. What are the prime factors of n?
2, 3
Suppose 4*w + 30 = -w. List the prime factors of (-3)/w - (-203)/2 - 0.
2, 3, 17
Let h(t) = 3*t**2 + 3*t. Let v be ((-24)/32)/((-2)/8). Suppose -b = -2*b + v. List the prime factors of h(b).
2, 3
Let h be ((-3)/(-6))/((-6)/(-12)) - 11. List the prime factors of -103*(14/h + 2/5).
103
Let n = 23 + -22. Suppose -r + 0*r = n. What are the prime factors of (4 - 5)/(r/15)?
3, 5
What are the prime factors of 141/(2 - (-19)/(-11))?
11, 47
Let l = -1 - -6. Suppose -3*s - l*b = -b, 4*b = -12. Suppose x + 4*x + 16 = p, -3*p = -s*x - 59. List the prime factors of p.
3, 7
Suppose -8 = -2*y + 5*p + 8, -2*y - 2*p = 12. What are the prime factors of 3 + (-1700)/(-15) + y/(-3)?
3, 13
What are the prime factors of 928 + -4 - 0 - -3?
3, 103
Suppose 11*f = 16*f - 70. Suppose 147 - f = s - w, 